{"id":2,"date":"2016-05-10T03:48:21","date_gmt":"2016-05-10T03:48:21","guid":{"rendered":"http:\/\/bakowscybhp.pl\/?page_id=2"},"modified":"2021-09-21T12:32:42","modified_gmt":"2021-09-21T12:32:42","slug":"bakowscy-bhp-management","status":"publish","type":"page","link":"https:\/\/bakowscybhp.pl\/","title":{"rendered":"Strona G\u0142\u00f3wna"},"content":{"rendered":"\t\t<div data-elementor-type=\"wp-post\" data-elementor-id=\"2\" class=\"elementor elementor-2\">\n\t\t\t\t\t\t<section class=\"elementor-section elementor-top-section elementor-element elementor-element-2117ab1 elementor-section-full_width elementor-section-height-full elementor-section-items-stretch elementor-section-content-top elementor-section-height-default elementor-invisible\" data-id=\"2117ab1\" data-element_type=\"section\" data-settings=\"{&quot;background_background&quot;:&quot;classic&quot;,&quot;animation&quot;:&quot;fadeInDown&quot;}\">\n\t\t\t\t\t\t<div class=\"elementor-container elementor-column-gap-default\">\n\t\t\t\t\t<div class=\"elementor-column elementor-col-100 elementor-top-column elementor-element elementor-element-6cd0d8a\" data-id=\"6cd0d8a\" data-element_type=\"column\">\n\t\t\t<div class=\"elementor-widget-wrap elementor-element-populated\">\n\t\t\t\t\t\t<div class=\"elementor-element elementor-element-fe8c41e elementor-widget elementor-widget-spacer\" data-id=\"fe8c41e\" data-element_type=\"widget\" data-widget_type=\"spacer.default\">\n\t\t\t\t<div class=\"elementor-widget-container\">\n\t\t\t\t\t<div class=\"elementor-spacer\">\n\t\t\t<div class=\"elementor-spacer-inner\"><\/div>\n\t\t<\/div>\n\t\t\t\t<\/div>\n\t\t\t\t<\/div>\n\t\t\t\t<div class=\"elementor-element elementor-element-103aca3 elementor-widget elementor-widget-heading\" data-id=\"103aca3\" data-element_type=\"widget\" data-widget_type=\"heading.default\">\n\t\t\t\t<div class=\"elementor-widget-container\">\n\t\t\t<h2 class=\"elementor-heading-title elementor-size-default\">Witamy Pa\u0144stwa na naszej stronie !<\/h2>\t\t<\/div>\n\t\t\t\t<\/div>\n\t\t\t\t<section class=\"elementor-section elementor-inner-section elementor-element elementor-element-07a78d3 elementor-section-boxed elementor-section-height-default elementor-section-height-default\" data-id=\"07a78d3\" data-element_type=\"section\" data-settings=\"{&quot;background_background&quot;:&quot;classic&quot;}\">\n\t\t\t\t\t\t<div class=\"elementor-container elementor-column-gap-default\">\n\t\t\t\t\t<div class=\"elementor-column elementor-col-50 elementor-inner-column elementor-element elementor-element-9963179\" data-id=\"9963179\" data-element_type=\"column\">\n\t\t\t<div class=\"elementor-widget-wrap elementor-element-populated\">\n\t\t\t\t\t\t<div class=\"elementor-element elementor-element-63ab690 elementor-widget elementor-widget-text-editor\" data-id=\"63ab690\" data-element_type=\"widget\" data-widget_type=\"text-editor.default\">\n\t\t\t\t<div class=\"elementor-widget-container\">\n\t\t\t\t\t\t\t<p>Nasza firma \u015bwiadczy us\u0142ugi w zakresie BHP takie jak:<\/p>\n<ul>\n<li>Szkolenia BHP Wroc\u0142aw, Warszawa, Katowice, Krak\u00f3w, Gda\u0144sk, Gdynia<\/li>\n<li>Obs\u0142uga BHP&nbsp;<span style=\"font-size: 20px; font-style: normal; font-weight: 400;\">Wroc\u0142aw, Warszawa, Katowice, Krak\u00f3w, Gda\u0144sk, Gdynia<\/span>,<\/li>\n<li>Nadz\u00f3r BHP&nbsp;<span style=\"font-size: 20px; font-style: normal; font-weight: 400;\">Wroc\u0142aw, Warszawa, Katowice, Krak\u00f3w, Gda\u0144sk, Gdynia<\/span>,<\/li>\n<li>Doradztwo BHP&nbsp;<span style=\"font-size: 20px; font-style: normal; font-weight: 400;\">Wroc\u0142aw, Warszawa, Katowice, Krak\u00f3w, Gda\u0144sk, Gdynia<\/span>,<\/li>\n<li>S\u0142u\u017cba BHP&nbsp;<span style=\"font-size: 20px; font-style: normal; font-weight: 400;\">Wroc\u0142aw, Warszawa, Katowice, Krak\u00f3w, Gda\u0144sk, Gdynia<\/span>,<\/li>\n<li>Kontrole BHP&nbsp;<span style=\"font-size: 20px; font-style: normal; font-weight: 400;\">Wroc\u0142aw, Warszawa, Katowice, Krak\u00f3w, Gda\u0144sk, Gdynia<\/span>,<\/li>\n<li>Audyty BHP&nbsp;<span style=\"font-size: 20px; font-style: normal; font-weight: 400;\">Wroc\u0142aw, Warszawa, Katowice, Krak\u00f3w, Gda\u0144sk, Gdynia<\/span>,<\/li>\n<li>Instrukcje BHP&nbsp;<span style=\"font-size: 20px; font-style: normal; font-weight: 400;\">Wroc\u0142aw, Warszawa, Katowice, Krak\u00f3w, Gda\u0144sk, Gdynia<\/span>,<\/li>\n<li>Plan BIOZ Wroc\u0142aw, Warszawa, Katowice, Krak\u00f3w, Gda\u0144sk, Gdynia<\/li>\n<li>oraz Instrukcje PPO\u017b<\/li>\n<\/ul>\t\t\t\t\t\t<\/div>\n\t\t\t\t<\/div>\n\t\t\t\t\t<\/div>\n\t\t<\/div>\n\t\t\t\t<div class=\"elementor-column elementor-col-50 elementor-inner-column elementor-element elementor-element-90ed1c1\" data-id=\"90ed1c1\" data-element_type=\"column\">\n\t\t\t<div class=\"elementor-widget-wrap elementor-element-populated\">\n\t\t\t\t\t\t<div class=\"elementor-element elementor-element-186961c elementor-widget elementor-widget-text-editor\" data-id=\"186961c\" data-element_type=\"widget\" data-widget_type=\"text-editor.default\">\n\t\t\t\t<div class=\"elementor-widget-container\">\n\t\t\t\t\t\t\t<p>Us\u0142ugi BHP \u015bwiadczymy na terenie ca\u0142ej Polski, g\u0142\u00f3wnie w nast\u0119puj\u0105cych miastach: Wroc\u0142aw, Warszawa, Katowice, Krak\u00f3w, Gda\u0144sk, Gdynia<\/p>\t\t\t\t\t\t<\/div>\n\t\t\t\t<\/div>\n\t\t\t\t<div class=\"elementor-element elementor-element-83e516a elementor-widget elementor-widget-text-editor\" data-id=\"83e516a\" data-element_type=\"widget\" data-widget_type=\"text-editor.default\">\n\t\t\t\t<div class=\"elementor-widget-container\">\n\t\t\t\t\t\t\t<p>Korzystamy z nowoczesnych technologii, posiadamy do\u015bwiadczenie na du\u017cych realizacjach i projektach (zak\u0142ady przemys\u0142owe, budowa wie\u017cowc\u00f3w, obs\u0142uga BHP firm z<br \/>bran\u017cy produkcyjnej, motoryzacyjnej, us\u0142ugowej, informatycznej, a tak\u017ce og\u00f3lnobudowlanej).\u00a0<\/p>\t\t\t\t\t\t<\/div>\n\t\t\t\t<\/div>\n\t\t\t\t<div class=\"elementor-element elementor-element-141221d elementor-widget elementor-widget-text-editor\" data-id=\"141221d\" data-element_type=\"widget\" data-widget_type=\"text-editor.default\">\n\t\t\t\t<div class=\"elementor-widget-container\">\n\t\t\t\t\t\t\t<p>ZAPRASZAMY DO WSP\u00d3\u0141PRACY !<\/p>\t\t\t\t\t\t<\/div>\n\t\t\t\t<\/div>\n\t\t\t\t\t<\/div>\n\t\t<\/div>\n\t\t\t\t\t<\/div>\n\t\t<\/section>\n\t\t\t\t\t<\/div>\n\t\t<\/div>\n\t\t\t\t\t<\/div>\n\t\t<\/section>\n\t\t\t\t<\/div>\n\t\t","protected":false},"excerpt":{"rendered":"<p>Witamy Pa\u0144stwa na naszej stronie ! Nasza firma \u015bwiadczy us\u0142ugi w zakresie BHP takie jak: Szkolenia BHP Wroc\u0142aw, Warszawa, Katowice, Krak\u00f3w, Gda\u0144sk, Gdynia Obs\u0142uga BHP&nbsp;Wroc\u0142aw, Warszawa, Katowice, Krak\u00f3w, Gda\u0144sk, Gdynia, Nadz\u00f3r BHP&nbsp;Wroc\u0142aw, Warszawa, Katowice, Krak\u00f3w, Gda\u0144sk, Gdynia, Doradztwo BHP&nbsp;Wroc\u0142aw, Warszawa, Katowice, Krak\u00f3w, Gda\u0144sk, Gdynia, S\u0142u\u017cba BHP&nbsp;Wroc\u0142aw, Warszawa, Katowice, Krak\u00f3w, Gda\u0144sk, Gdynia, Kontrole BHP&nbsp;Wroc\u0142aw, Warszawa, Katowice, &hellip;<\/p>\n<p class=\"read-more\"> <a class=\"\" href=\"https:\/\/bakowscybhp.pl\/\"> <span class=\"screen-reader-text\">Strona G\u0142\u00f3wna<\/span> Read More &raquo;<\/a><\/p>\n","protected":false},"author":1,"featured_media":0,"parent":0,"menu_order":0,"comment_status":"closed","ping_status":"open","template":"","meta":{"site-sidebar-layout":"no-sidebar","site-content-layout":"page-builder","ast-site-content-layout":"","site-content-style":"default","site-sidebar-style":"default","ast-global-header-display":"","ast-banner-title-visibility":"","ast-main-header-display":"","ast-hfb-above-header-display":"","ast-hfb-below-header-display":"","ast-hfb-mobile-header-display":"","site-post-title":"disabled","ast-breadcrumbs-content":"","ast-featured-img":"disabled","footer-sml-layout":"","theme-transparent-header-meta":"default","adv-header-id-meta":"","stick-header-meta":"","header-above-stick-meta":"","header-main-stick-meta":"","header-below-stick-meta":"","astra-migrate-meta-layouts":"","footnotes":""},"aioseo_notices":[],"_links":{"self":[{"href":"https:\/\/bakowscybhp.pl\/index.php?rest_route=\/wp\/v2\/pages\/2"}],"collection":[{"href":"https:\/\/bakowscybhp.pl\/index.php?rest_route=\/wp\/v2\/pages"}],"about":[{"href":"https:\/\/bakowscybhp.pl\/index.php?rest_route=\/wp\/v2\/types\/page"}],"author":[{"embeddable":true,"href":"https:\/\/bakowscybhp.pl\/index.php?rest_route=\/wp\/v2\/users\/1"}],"replies":[{"embeddable":true,"href":"https:\/\/bakowscybhp.pl\/index.php?rest_route=%2Fwp%2Fv2%2Fcomments&post=2"}],"version-history":[{"count":20,"href":"https:\/\/bakowscybhp.pl\/index.php?rest_route=\/wp\/v2\/pages\/2\/revisions"}],"predecessor-version":[{"id":954,"href":"https:\/\/bakowscybhp.pl\/index.php?rest_route=\/wp\/v2\/pages\/2\/revisions\/954"}],"wp:attachment":[{"href":"https:\/\/bakowscybhp.pl\/index.php?rest_route=%2Fwp%2Fv2%2Fmedia&parent=2"}],"curies":[{"name":"wp","href":"https:\/\/api.w.org\/{rel}","templated":true}]}}